{"id":90,"date":"2021-04-24T12:46:25","date_gmt":"2021-04-24T10:46:25","guid":{"rendered":"http:\/\/portal.betaz.cz\/?page_id=90"},"modified":"2021-07-12T12:00:05","modified_gmt":"2021-07-12T10:00:05","slug":"vyvoj-informacnich-systemu-na-baze-cloud-coputingu","status":"publish","type":"page","link":"https:\/\/betaz.cz\/index.php\/vyvoj-informacnich-systemu-na-baze-cloud-coputingu\/","title":{"rendered":"V\u00fdvoj informa\u010dn\u00edch syst\u00e9m\u016f na b\u00e1ze Cloud Coputingu"},"content":{"rendered":"<h1 class=\"has-text-align-center wp-block-heading\"><strong>V\u00fdvoj informa\u010dn\u00edch syst\u00e9m\u016f na b\u00e1ze Cloud Coputingu<\/strong><\/h1><p class=\"has-text-align-center\">V\u0161echny na\u0161e informa\u010dn\u00ed datab\u00e1zov\u00e9 syt\u00e9my <strong>SHERPA, B2B<\/strong>, <strong>E-SHOP<\/strong> skladov\u00e9 hospod\u00e1\u0159stv\u00ed a jin\u00e9 vyv\u00edj\u00edme a provozujeme  na b\u00e1ze CloudCoputingu v architektu\u0159e SaaS.<\/p><h2 class=\"has-text-align-center wp-block-heading\">Co je to SaaS ?<\/h2><p class=\"has-text-align-center\">Software jako slu\u017eba (SaaS) Software jako slu\u017eba je metoda doru\u010dov\u00e1n\u00ed softwarov\u00fdch aplikac\u00ed p\u0159es internet, na vy\u017e\u00e1d\u00e1n\u00ed a obvykle na z\u00e1klad\u011b p\u0159edplatn\u00e9ho. Pomoc\u00ed SaaS poskytovatel\u00e9 cloudu hostuj\u00ed a spravuj\u00ed softwarovou aplikaci a jej\u00ed podkladovou infrastrukturu a obsluhuj\u00ed ve\u0161kerou \u00fadr\u017ebu, jako jsou softwarov\u00e9 upgrady a opravy zabezpe\u010den\u00ed. U\u017eivatel\u00e9 se k aplikaci p\u0159ipojuj\u00ed p\u0159es internet, obvykle pomoc\u00ed webov\u00e9ho prohl\u00ed\u017ee\u010de v po\u010d\u00edta\u010di telefonu, nebo tabletu.<\/p><h2 class=\"has-text-align-center wp-block-heading\">Co to znamen\u00e1 Cloud Computing?<\/h2><p class=\"has-text-align-center\">Jednodu\u0161e \u0159e\u010deno, cloud computing je doru\u010dov\u00e1n\u00ed v\u00fdpo\u010detn\u00edch slu\u017eeb, v\u010detn\u011b server\u016f, \u00falo\u017ei\u0161\u0165, datab\u00e1z\u00ed, s\u00edt\u00ed, softwaru, analytick\u00fdch n\u00e1stroj\u016f a inteligentn\u00edch funkc\u00ed, p\u0159es internet (\u201ecloud\u201c) a nab\u00edz\u00ed rychlej\u0161\u00ed inovace, flexibilitu prost\u0159edk\u016f a cenov\u00e9 v\u00fdhody. Obvykle plat\u00edte jenom za cloudov\u00e9 slu\u017eby, kter\u00e9 skute\u010dn\u011b vyu\u017eijete, co\u017e pom\u00e1h\u00e1 sni\u017eovat provozn\u00ed n\u00e1klady, efektivn\u011bji provozovat infrastrukturu a \u0161k\u00e1lovat s ohledem na m\u011bn\u00edc\u00ed se obchodn\u00ed pot\u0159eby.<\/p><div class=\"wp-block-image\"><figure class=\"aligncenter\"><img decoding=\"async\" data-src=\"https:\/\/www.geetoo.com\/wp-content\/uploads\/2019\/04\/bulut-bilisim-cloud-computing-1024x576-1.png\" alt=\"https:\/\/www.geetoo.com\/wp-content\/uploads\/2019\/04\/bulut-bilisim-cloud-computing-1024x576-1.png\" src=\"data:image\/gif;base64,R0lGODlhAQABAAAAACH5BAEKAAEALAAAAAABAAEAAAICTAEAOw==\" class=\"lazyload\" \/><noscript><img decoding=\"async\" src=\"https:\/\/www.geetoo.com\/wp-content\/uploads\/2019\/04\/bulut-bilisim-cloud-computing-1024x576-1.png\" alt=\"https:\/\/www.geetoo.com\/wp-content\/uploads\/2019\/04\/bulut-bilisim-cloud-computing-1024x576-1.png\"\/><\/noscript><\/figure><\/div><h2 class=\"has-text-align-center wp-block-heading\">Nejv\u011bt\u0161\u00ed v\u00fdhody cloud computingu<\/h2><p class=\"has-text-align-center\">Cloud computing p\u0159edstavuje velk\u00fd posun od tradi\u010dn\u00edho pojet\u00ed IT prost\u0159edk\u016f. Tady je sedm obvykl\u00fdch d\u016fvod\u016f, pro\u010d organizace p\u0159ech\u00e1zej\u00ed ke slu\u017eb\u00e1m cloud computingu:<\/p><h3 class=\"has-text-align-center wp-block-heading\">N\u00e1klady<\/h3><p class=\"has-text-align-center\">Cloud computing eliminuje investi\u010dn\u00ed n\u00e1klady na n\u00e1kup hardwaru a softwaru a na vytvo\u0159en\u00ed a provoz m\u00edstn\u00edch datov\u00fdch center, jako jsou stojany se servery, zdroje nep\u0159etr\u017eit\u00e9ho nap\u00e1jen\u00ed, chlazen\u00ed a IT pracovn\u00edci spravuj\u00edc\u00ed infrastrukturu. \u010c\u00edsla nar\u016fstaj\u00ed rychle.<\/p><h3 class=\"has-text-align-center wp-block-heading\">Rychlost<\/h3><p class=\"has-text-align-center\">Slu\u017eby cloud computingu se v\u011bt\u0161inou poskytuj\u00ed jako samoobslu\u017en\u00e9 a na vy\u017e\u00e1d\u00e1n\u00ed, tak\u017ee i ohromn\u00e1 mno\u017estv\u00ed v\u00fdpo\u010detn\u00edch prost\u0159edk\u016f jde zajistit b\u011bhem minut, obvykle jen na n\u011bkolik kliknut\u00ed my\u0161\u00ed, co\u017e d\u00e1v\u00e1 podnik\u00e1n\u00ed velkou flexibilitu a sni\u017euje tlak na pl\u00e1nov\u00e1n\u00ed kapacit.<\/p><h3 class=\"has-text-align-center wp-block-heading\">Glob\u00e1ln\u00ed rozm\u011br<\/h3><p class=\"has-text-align-center\">Mezi v\u00fdhody slu\u017eeb cloud computingu pat\u0159\u00ed schopnost elastick\u00e9 \u0161k\u00e1lovatelnosti. V term\u00ednech cloudu to znamen\u00e1 dodat podle pot\u0159eby vhodn\u00e9 mno\u017estv\u00ed IT prost\u0159edk\u016f, nap\u0159\u00edklad m\u00e9n\u011b nebo v\u00edce v\u00fdpo\u010detn\u00edho v\u00fdkonu, \u00falo\u017ei\u0161t\u011b nebo \u0161\u00ed\u0159ky p\u00e1sma, a to z vhodn\u00e9 geografick\u00e9 polohy.<\/p><h3 class=\"has-text-align-center wp-block-heading\">Produktivita<\/h3><p class=\"has-text-align-center\">M\u00edstn\u00ed datov\u00e1 centra obvykle vy\u017eaduj\u00ed hodn\u011b pr\u00e1ce kolem, jako jsou nastaven\u00ed hardwaru, opravy softwaru a dal\u0161\u00ed \u010dasov\u011b n\u00e1ro\u010dn\u00e9 \u00fakoly spr\u00e1vy IT. Cloud computing odstra\u0148uje pot\u0159ebu \u0159ady t\u011bchto \u010dinnost\u00ed, tak\u017ee IT t\u00fdmy m\u016f\u017eou u\u0161et\u0159en\u00fd \u010das v\u011bnovat d\u016fle\u017eit\u011bj\u0161\u00edm obchodn\u00edm c\u00edl\u016fm.<\/p><h3 class=\"has-text-align-center wp-block-heading\">V\u00fdkon<\/h3><p class=\"has-text-align-center\">Nejv\u011bt\u0161\u00ed slu\u017eby cloud computingu b\u011b\u017e\u00ed v celosv\u011btov\u00e9 s\u00edti zabezpe\u010den\u00fdch datov\u00fdch center, kter\u00e9 jsou pravideln\u011b upgradovan\u00e9 na nejmodern\u011bj\u0161\u00ed generaci rychl\u00e9ho a efektivn\u00edho v\u00fdpo\u010detn\u00edho hardwaru. To p\u0159in\u00e1\u0161\u00ed \u0159adu v\u00fdhod oproti jednomu podnikov\u00e9mu datov\u00e9mu centru, jako je sn\u00ed\u017een\u00e1 s\u00ed\u0165ov\u00e1 latence aplikac\u00ed nebo cenov\u00e9 v\u00fdhody.<\/p><h3 class=\"has-text-align-center wp-block-heading\">Spolehlivost<\/h3><p class=\"has-text-align-center\">Cloud computing usnad\u0148uje a sni\u017euje n\u00e1klady na z\u00e1lohov\u00e1n\u00ed dat, zotaven\u00ed po hav\u00e1rii a zaji\u0161t\u011bn\u00ed provozn\u00ed kontinuity, proto\u017ee data je mo\u017en\u00e9 zrcadlit ve v\u00edce redundantn\u00edch lokalit\u00e1ch v r\u00e1mci s\u00edt\u011b poskytovatele cloudu.<\/p><h3 class=\"has-text-align-center wp-block-heading\">Zabezpe\u010den\u00ed<\/h3><p class=\"has-text-align-center\">\u0158ada poskytovatel\u016f cloudu nab\u00edz\u00ed \u0161irokou \u0161k\u00e1lu z\u00e1sad, technologi\u00ed a kontroln\u00edch prvk\u016f, kter\u00e9 celkov\u011b posiluj\u00ed stav zabezpe\u010den\u00ed a t\u00edm pom\u00e1haj\u00ed chr\u00e1nit data, aplikace a infrastrukturu p\u0159ed potenci\u00e1ln\u00edmi hrozbami.<\/p><h2 class=\"has-text-align-center wp-block-heading\">Typy cloud computingu<\/h2><p class=\"has-text-align-center\">Ne v\u0161echny cloudy jsou stejn\u00e9 a neexistuje \u017e\u00e1dn\u00fd typ cloud computingu, kter\u00fd by byl vhodn\u00fd pro v\u0161echny. Vyvinulo se n\u011bkolik r\u016fzn\u00fdch model\u016f, typ\u016f a slu\u017eeb, kter\u00e9 pom\u00e1haj\u00ed nab\u00eddnout vhodn\u00e9 \u0159e\u0161en\u00ed podle va\u0161ich pot\u0159eb.<\/p><p class=\"has-text-align-center\">Nejprve je pot\u0159eba ur\u010dit typ cloudov\u00e9ho nasazen\u00ed neboli architektury cloud computingu, ve kter\u00e9m se va\u0161e cloudov\u00e9 slu\u017eby budou implementovat. Existuj\u00ed t\u0159i zp\u016fsoby nasazen\u00ed cloudov\u00fdch slu\u017eeb: ve\u0159ejn\u00fd cloud, priv\u00e1tn\u00ed cloud a hybridn\u00ed cloud.<\/p><h3 class=\"has-text-align-center wp-block-heading\">Ve\u0159ejn\u00fd cloud<\/h3><p class=\"has-text-align-center\">Ve\u0159ejn\u00e9 cloudy jsou vlastn\u011bn\u00e9 a provozovan\u00e9 jin\u00fdmi poskytovateli cloudov\u00fdch slu\u017eeb, kte\u0159\u00ed dod\u00e1vaj\u00ed sv\u00e9 v\u00fdpo\u010detn\u00ed prost\u0159edky, jako jsou servery a \u00falo\u017ei\u0161t\u011b, p\u0159es internet. U ve\u0159ejn\u00e9ho cloudu ve\u0161ker\u00fd hardware, software a dal\u0161\u00ed podp\u016frnou infrastrukturu vlastn\u00ed a spravuje poskytovatel cloudu. Vy k t\u011bmto slu\u017eb\u00e1m p\u0159istupujete a spravujete sv\u016fj \u00fa\u010det pomoc\u00ed webov\u00e9ho prohl\u00ed\u017ee\u010de.<\/p><h3 class=\"has-text-align-center wp-block-heading\">Priv\u00e1tn\u00ed cloud<\/h3><p class=\"has-text-align-center\">Priv\u00e1tn\u00ed cloud odkazuje na prost\u0159edky cloud computingu, kter\u00e9 pou\u017e\u00edv\u00e1 jedin\u00e1 spole\u010dnost nebo organizace. Priv\u00e1tn\u00ed cloud m\u016f\u017ee b\u00fdt fyzicky um\u00edst\u011bn\u00fd v m\u00edstn\u00edm datov\u00e9m centru spole\u010dnosti. N\u011bkter\u00e9 spole\u010dnosti tak\u00e9 plat\u00ed jin\u00fdm poskytovatel\u016fm slu\u017eeb za hostov\u00e1n\u00ed sv\u00e9ho priv\u00e1tn\u00edho cloudu. Priv\u00e1tn\u00ed cloud je takov\u00fd, kde se slu\u017eby a infrastruktura spravuj\u00ed v priv\u00e1tn\u00ed s\u00edti.<\/p><h3 class=\"has-text-align-center wp-block-heading\">Hybridn\u00ed cloud<\/h3><p class=\"has-text-align-center\">Hybridn\u00ed cloudy kombinuj\u00ed ve\u0159ejn\u00fd a priv\u00e1tn\u00ed cloud, kter\u00e9 jsou technologicky propojen\u00e9, aby mezi nimi \u0161lo sd\u00edlet data a aplikace. Mo\u017enost hybridn\u00edho cloudu p\u0159esouvat data a aplikace mezi priv\u00e1tn\u00edm a ve\u0159ejn\u00fdm cloudem d\u00e1v\u00e1 va\u0161\u00ed spole\u010dnosti v\u011bt\u0161\u00ed flexibilitu a dal\u0161\u00ed mo\u017enosti nasazen\u00ed a pom\u00e1h\u00e1 optimalizovat st\u00e1vaj\u00edc\u00ed infrastrukturu, zabezpe\u010den\u00ed a dodr\u017eov\u00e1n\u00ed p\u0159edpis\u016f.<\/p><h2 class=\"has-text-align-center wp-block-heading\">Typy cloudov\u00fdch slu\u017eeb: IaaS, PaaS, bezserverov\u00e1 architektura a SaaS<\/h2><p>V\u011bt\u0161ina slu\u017eeb cloud computingu spad\u00e1 do \u010dty\u0159 hlavn\u00edch kategori\u00ed: infrastruktura jako slu\u017eba (IaaS), platforma jako slu\u017eba (PaaS), bezserverov\u00e1 slu\u017eba a software jako slu\u017eba (SaaS). N\u011bkdy se jim \u0159\u00edk\u00e1 \u201estack\u201c pro cloud computing, proto\u017ee jsou postaveny jedna na druh\u00e9. Znalost jejich charakteristik a jejich rozd\u00edl\u016f v\u00e1m usnadn\u00ed dosa\u017een\u00ed va\u0161ich obchodn\u00edch c\u00edl\u016f.<\/p><ul class=\"wp-block-list\"><li>Infrastruktura jako slu\u017eba (IaaS) Jedn\u00e1 se o nejz\u00e1kladn\u011bj\u0161\u00ed kategorii slu\u017eeb cloud computingu. Pomoc\u00ed IaaS si pronaj\u00edm\u00e1te IT infrastrukturu, jako jsou servery a virtu\u00e1ln\u00ed po\u010d\u00edta\u010de (VM), \u00falo\u017ei\u0161t\u011b, s\u00edt\u011b a opera\u010dn\u00ed syst\u00e9my, od poskytovatele cloudu na b\u00e1zi pr\u016fb\u011b\u017en\u00fdch plateb.<\/li><li>Platforma jako slu\u017eba (PaaS) Platforma jako slu\u017eba odkazuje na slu\u017eby cloud computingu, kter\u00e9 doru\u010duj\u00ed na vy\u017e\u00e1d\u00e1n\u00ed prost\u0159ed\u00ed pro v\u00fdvoj, testov\u00e1n\u00ed, doru\u010dov\u00e1n\u00ed a spr\u00e1vu softwarov\u00fdch aplikac\u00ed. Model PaaS je navr\u017een\u00fd tak, aby usnad\u0148oval v\u00fdvoj\u00e1\u0159\u016fm rychl\u00e9 vytv\u00e1\u0159en\u00ed webov\u00fdch nebo mobiln\u00edch aplikac\u00ed bez starost\u00ed o nastavov\u00e1n\u00ed a spr\u00e1vu podkladov\u00e9 infrastruktury server\u016f, \u00falo\u017ei\u0161t\u011b, s\u00edt\u011b a datab\u00e1z\u00ed pot\u0159ebn\u00fdch pro v\u00fdvoj.<\/li><li>Architektura bez serveru Bezserverov\u00e1 architektura, kter\u00e1 se p\u0159ekr\u00fdv\u00e1 s PaaS, se soust\u0159ed\u00ed na vytv\u00e1\u0159en\u00ed aplika\u010dn\u00edch funkc\u00ed, ani\u017e by bylo pot\u0159eba tr\u00e1vit \u010das nezbytnou pr\u016fb\u011b\u017enou spr\u00e1vou server\u016f a infrastruktury. Nastaven\u00ed, pl\u00e1nov\u00e1n\u00ed kapacity a spr\u00e1vu server\u016f za v\u00e1s zaji\u0161\u0165uje poskytovatel cloudu. Bezserverov\u00e9 architektury jsou vysoce \u0161k\u00e1lovateln\u00e9 a \u0159\u00edzen\u00e9 ud\u00e1lostmi a vyu\u017e\u00edvaj\u00ed prost\u0159edky jenom tehdy, kdy\u017e dojde k pou\u017eit\u00ed konkr\u00e9tn\u00ed funkce nebo triggeru.<\/li><li>Software jako slu\u017eba (SaaS) Software jako slu\u017eba je metoda doru\u010dov\u00e1n\u00ed softwarov\u00fdch aplikac\u00ed p\u0159es internet, na vy\u017e\u00e1d\u00e1n\u00ed a obvykle na z\u00e1klad\u011b p\u0159edplatn\u00e9ho. Pomoc\u00ed SaaS poskytovatel\u00e9 cloudu hostuj\u00ed a spravuj\u00ed softwarovou aplikaci a jej\u00ed podkladovou infrastrukturu a obsluhuj\u00ed ve\u0161kerou \u00fadr\u017ebu, jako jsou softwarov\u00e9 upgrady a opravy zabezpe\u010den\u00ed. U\u017eivatel\u00e9 se k aplikaci p\u0159ipojuj\u00ed p\u0159es internet, obvykle pomoc\u00ed webov\u00e9ho prohl\u00ed\u017ee\u010de v telefonu, tabletu nebo po\u010d\u00edta\u010di.<\/li><\/ul><div class=\"wp-block-image\"><figure class=\"aligncenter size-large is-resized\"><img decoding=\"async\" data-src=\"http:\/\/portal.betaz.cz\/wp-content\/uploads\/2021\/04\/saas-1024x339.png\" alt=\"\" class=\"wp-image-163 lazyload\" width=\"1100\" data-srcset=\"https:\/\/betaz.cz\/wp-content\/uploads\/2021\/04\/saas-1024x339.png 1024w, https:\/\/betaz.cz\/wp-content\/uploads\/2021\/04\/saas-300x99.png 300w, https:\/\/betaz.cz\/wp-content\/uploads\/2021\/04\/saas-600x199.png 600w, https:\/\/betaz.cz\/wp-content\/uploads\/2021\/04\/saas-768x254.png 768w, https:\/\/betaz.cz\/wp-content\/uploads\/2021\/04\/saas.png 1280w\" data-sizes=\"(max-width: 1024px) 100vw, 1024px\" src=\"data:image\/gif;base64,R0lGODlhAQABAAAAACH5BAEKAAEALAAAAAABAAEAAAICTAEAOw==\" style=\"--smush-placeholder-width: 1024px; --smush-placeholder-aspect-ratio: 1024\/339;\" \/><noscript><img decoding=\"async\" src=\"http:\/\/portal.betaz.cz\/wp-content\/uploads\/2021\/04\/saas-1024x339.png\" alt=\"\" class=\"wp-image-163\" width=\"1100\" srcset=\"https:\/\/betaz.cz\/wp-content\/uploads\/2021\/04\/saas-1024x339.png 1024w, https:\/\/betaz.cz\/wp-content\/uploads\/2021\/04\/saas-300x99.png 300w, https:\/\/betaz.cz\/wp-content\/uploads\/2021\/04\/saas-600x199.png 600w, https:\/\/betaz.cz\/wp-content\/uploads\/2021\/04\/saas-768x254.png 768w, https:\/\/betaz.cz\/wp-content\/uploads\/2021\/04\/saas.png 1280w\" sizes=\"(max-width: 1024px) 100vw, 1024px\" \/><\/noscript><\/figure><\/div><p><\/p>","protected":false},"excerpt":{"rendered":"<p>V\u00fdvoj informa\u010dn\u00edch syst\u00e9m\u016f na b\u00e1ze Cloud Coputingu V\u0161echny na\u0161e informa\u010dn\u00ed datab\u00e1zov\u00e9 syt\u00e9my SHERPA, B2B, E-SHOP skladov\u00e9 hospod\u00e1\u0159stv\u00ed a jin\u00e9 vyv\u00edj\u00edme a provozujeme na b\u00e1ze CloudCoputingu v architektu\u0159e SaaS. Co je to SaaS ? Software jako slu\u017eba (SaaS) Software jako slu\u017eba je metoda doru\u010dov\u00e1n\u00ed softwarov\u00fdch aplikac\u00ed p\u0159es internet, na vy\u017e\u00e1d\u00e1n\u00ed a obvykle na z\u00e1klad\u011b p\u0159edplatn\u00e9ho. Pomoc\u00ed [&hellip;]<\/p>\n","protected":false},"author":1,"featured_media":0,"parent":0,"menu_order":0,"comment_status":"closed","ping_status":"closed","template":"","meta":{"_regular_price":[],"currency_symbol":[],"footnotes":""},"class_list":["post-90","page","type-page","status-publish","hentry"],"post_slider_layout_featured_media_urls":{"thumbnail":"","post_slider_layout_landscape_large":"","post_slider_layout_portrait_large":"","post_slider_layout_square_large":"","post_slider_layout_landscape":"","post_slider_layout_portrait":"","post_slider_layout_square":"","full":""},"yoast_head":"<!-- This site is optimized with the Yoast SEO plugin v23.4 - https:\/\/yoast.com\/wordpress\/plugins\/seo\/ -->\n<title>V\u00fdvoj informa\u010dn\u00edch syst\u00e9m\u016f na b\u00e1ze Cloud Coputingu - BetaZ.cz - Knihkupeck\u00fd software | Knihkupci | Distributo\u0159i knih | Nakladatelstv\u00ed | E-shopy | B2B |<\/title>\n<meta name=\"description\" content=\"Software pro knihkupce - Software pro distributory a nakladatele knih - B2B pro distributory a akladatele - E-Shopy Knihy\" \/>\n<meta name=\"robots\" content=\"index, follow, max-snippet:-1, max-image-preview:large, max-video-preview:-1\" \/>\n<link rel=\"canonical\" href=\"https:\/\/betaz.cz\/index.php\/vyvoj-informacnich-systemu-na-baze-cloud-coputingu\/\" \/>\n<meta property=\"og:locale\" content=\"cs_CZ\" \/>\n<meta property=\"og:type\" content=\"article\" \/>\n<meta property=\"og:title\" content=\"V\u00fdvoj informa\u010dn\u00edch syst\u00e9m\u016f na b\u00e1ze Cloud Coputingu - BetaZ.cz - Knihkupeck\u00fd software | Knihkupci | Distributo\u0159i knih | Nakladatelstv\u00ed | E-shopy | B2B |\" \/>\n<meta property=\"og:description\" content=\"Software pro knihkupce - Software pro distributory a nakladatele knih - B2B pro distributory a akladatele - E-Shopy Knihy\" \/>\n<meta property=\"og:url\" content=\"https:\/\/betaz.cz\/index.php\/vyvoj-informacnich-systemu-na-baze-cloud-coputingu\/\" \/>\n<meta property=\"og:site_name\" content=\"BetaZ.cz - Knihkupeck\u00fd software | Knihkupci | Distributo\u0159i knih | Nakladatelstv\u00ed | E-shopy | B2B |\" \/>\n<meta property=\"article:modified_time\" content=\"2021-07-12T10:00:05+00:00\" \/>\n<meta property=\"og:image\" content=\"https:\/\/www.geetoo.com\/wp-content\/uploads\/2019\/04\/bulut-bilisim-cloud-computing-1024x576-1.png\" \/>\n<meta name=\"twitter:card\" content=\"summary_large_image\" \/>\n<meta name=\"twitter:label1\" content=\"Odhadovan\u00e1 doba \u010dten\u00ed\" \/>\n\t<meta name=\"twitter:data1\" content=\"5 minut\" \/>\n<script type=\"application\/ld+json\" class=\"yoast-schema-graph\">{\"@context\":\"https:\/\/schema.org\",\"@graph\":[{\"@type\":\"WebPage\",\"@id\":\"https:\/\/betaz.cz\/index.php\/vyvoj-informacnich-systemu-na-baze-cloud-coputingu\/\",\"url\":\"https:\/\/betaz.cz\/index.php\/vyvoj-informacnich-systemu-na-baze-cloud-coputingu\/\",\"name\":\"V\u00fdvoj informa\u010dn\u00edch syst\u00e9m\u016f na b\u00e1ze Cloud Coputingu - BetaZ.cz - Knihkupeck\u00fd software | Knihkupci | Distributo\u0159i knih | Nakladatelstv\u00ed | E-shopy | B2B |\",\"isPartOf\":{\"@id\":\"https:\/\/betaz.cz\/#website\"},\"primaryImageOfPage\":{\"@id\":\"https:\/\/betaz.cz\/index.php\/vyvoj-informacnich-systemu-na-baze-cloud-coputingu\/#primaryimage\"},\"image\":{\"@id\":\"https:\/\/betaz.cz\/index.php\/vyvoj-informacnich-systemu-na-baze-cloud-coputingu\/#primaryimage\"},\"thumbnailUrl\":\"https:\/\/www.geetoo.com\/wp-content\/uploads\/2019\/04\/bulut-bilisim-cloud-computing-1024x576-1.png\",\"datePublished\":\"2021-04-24T10:46:25+00:00\",\"dateModified\":\"2021-07-12T10:00:05+00:00\",\"description\":\"Software pro knihkupce - Software pro distributory a nakladatele knih - B2B pro distributory a akladatele - E-Shopy Knihy\",\"breadcrumb\":{\"@id\":\"https:\/\/betaz.cz\/index.php\/vyvoj-informacnich-systemu-na-baze-cloud-coputingu\/#breadcrumb\"},\"inLanguage\":\"cs\",\"potentialAction\":[{\"@type\":\"ReadAction\",\"target\":[\"https:\/\/betaz.cz\/index.php\/vyvoj-informacnich-systemu-na-baze-cloud-coputingu\/\"]}]},{\"@type\":\"ImageObject\",\"inLanguage\":\"cs\",\"@id\":\"https:\/\/betaz.cz\/index.php\/vyvoj-informacnich-systemu-na-baze-cloud-coputingu\/#primaryimage\",\"url\":\"https:\/\/www.geetoo.com\/wp-content\/uploads\/2019\/04\/bulut-bilisim-cloud-computing-1024x576-1.png\",\"contentUrl\":\"https:\/\/www.geetoo.com\/wp-content\/uploads\/2019\/04\/bulut-bilisim-cloud-computing-1024x576-1.png\"},{\"@type\":\"BreadcrumbList\",\"@id\":\"https:\/\/betaz.cz\/index.php\/vyvoj-informacnich-systemu-na-baze-cloud-coputingu\/#breadcrumb\",\"itemListElement\":[{\"@type\":\"ListItem\",\"position\":1,\"name\":\"Dom\u016f\",\"item\":\"https:\/\/betaz.cz\/\"},{\"@type\":\"ListItem\",\"position\":2,\"name\":\"V\u00fdvoj informa\u010dn\u00edch syst\u00e9m\u016f na b\u00e1ze Cloud Coputingu\"}]},{\"@type\":\"WebSite\",\"@id\":\"https:\/\/betaz.cz\/#website\",\"url\":\"https:\/\/betaz.cz\/\",\"name\":\"BetaZ.cz - Knihkupeck\u00fd software | Knihkupci | Distributo\u0159i knih | Nakladatelstv\u00ed | E-shopy | B2B |\",\"description\":\"Nejpou\u017e\u00edvan\u011bj\u0161\u00ed software pro knihkupce\",\"publisher\":{\"@id\":\"https:\/\/betaz.cz\/#organization\"},\"potentialAction\":[{\"@type\":\"SearchAction\",\"target\":{\"@type\":\"EntryPoint\",\"urlTemplate\":\"https:\/\/betaz.cz\/?s={search_term_string}\"},\"query-input\":{\"@type\":\"PropertyValueSpecification\",\"valueRequired\":true,\"valueName\":\"search_term_string\"}}],\"inLanguage\":\"cs\"},{\"@type\":\"Organization\",\"@id\":\"https:\/\/betaz.cz\/#organization\",\"name\":\"BetaZ.cz s.r.o.\",\"url\":\"https:\/\/betaz.cz\/\",\"logo\":{\"@type\":\"ImageObject\",\"inLanguage\":\"cs\",\"@id\":\"https:\/\/betaz.cz\/#\/schema\/logo\/image\/\",\"url\":\"https:\/\/betaz.cz\/wp-content\/uploads\/2021\/04\/BetaZLOGOcerne.png\",\"contentUrl\":\"https:\/\/betaz.cz\/wp-content\/uploads\/2021\/04\/BetaZLOGOcerne.png\",\"width\":971,\"height\":159,\"caption\":\"BetaZ.cz s.r.o.\"},\"image\":{\"@id\":\"https:\/\/betaz.cz\/#\/schema\/logo\/image\/\"}}]}<\/script>\n<!-- \/ Yoast SEO plugin. -->","yoast_head_json":{"title":"V\u00fdvoj informa\u010dn\u00edch syst\u00e9m\u016f na b\u00e1ze Cloud Coputingu - BetaZ.cz - Knihkupeck\u00fd software | Knihkupci | Distributo\u0159i knih | Nakladatelstv\u00ed | E-shopy | B2B |","description":"Software pro knihkupce - Software pro distributory a nakladatele knih - B2B pro distributory a akladatele - E-Shopy Knihy","robots":{"index":"index","follow":"follow","max-snippet":"max-snippet:-1","max-image-preview":"max-image-preview:large","max-video-preview":"max-video-preview:-1"},"canonical":"https:\/\/betaz.cz\/index.php\/vyvoj-informacnich-systemu-na-baze-cloud-coputingu\/","og_locale":"cs_CZ","og_type":"article","og_title":"V\u00fdvoj informa\u010dn\u00edch syst\u00e9m\u016f na b\u00e1ze Cloud Coputingu - BetaZ.cz - Knihkupeck\u00fd software | Knihkupci | Distributo\u0159i knih | Nakladatelstv\u00ed | E-shopy | B2B |","og_description":"Software pro knihkupce - Software pro distributory a nakladatele knih - B2B pro distributory a akladatele - E-Shopy Knihy","og_url":"https:\/\/betaz.cz\/index.php\/vyvoj-informacnich-systemu-na-baze-cloud-coputingu\/","og_site_name":"BetaZ.cz - Knihkupeck\u00fd software | Knihkupci | Distributo\u0159i knih | Nakladatelstv\u00ed | E-shopy | B2B |","article_modified_time":"2021-07-12T10:00:05+00:00","og_image":[{"url":"https:\/\/www.geetoo.com\/wp-content\/uploads\/2019\/04\/bulut-bilisim-cloud-computing-1024x576-1.png"}],"twitter_card":"summary_large_image","twitter_misc":{"Odhadovan\u00e1 doba \u010dten\u00ed":"5 minut"},"schema":{"@context":"https:\/\/schema.org","@graph":[{"@type":"WebPage","@id":"https:\/\/betaz.cz\/index.php\/vyvoj-informacnich-systemu-na-baze-cloud-coputingu\/","url":"https:\/\/betaz.cz\/index.php\/vyvoj-informacnich-systemu-na-baze-cloud-coputingu\/","name":"V\u00fdvoj informa\u010dn\u00edch syst\u00e9m\u016f na b\u00e1ze Cloud Coputingu - BetaZ.cz - Knihkupeck\u00fd software | Knihkupci | Distributo\u0159i knih | Nakladatelstv\u00ed | E-shopy | B2B |","isPartOf":{"@id":"https:\/\/betaz.cz\/#website"},"primaryImageOfPage":{"@id":"https:\/\/betaz.cz\/index.php\/vyvoj-informacnich-systemu-na-baze-cloud-coputingu\/#primaryimage"},"image":{"@id":"https:\/\/betaz.cz\/index.php\/vyvoj-informacnich-systemu-na-baze-cloud-coputingu\/#primaryimage"},"thumbnailUrl":"https:\/\/www.geetoo.com\/wp-content\/uploads\/2019\/04\/bulut-bilisim-cloud-computing-1024x576-1.png","datePublished":"2021-04-24T10:46:25+00:00","dateModified":"2021-07-12T10:00:05+00:00","description":"Software pro knihkupce - Software pro distributory a nakladatele knih - B2B pro distributory a akladatele - E-Shopy Knihy","breadcrumb":{"@id":"https:\/\/betaz.cz\/index.php\/vyvoj-informacnich-systemu-na-baze-cloud-coputingu\/#breadcrumb"},"inLanguage":"cs","potentialAction":[{"@type":"ReadAction","target":["https:\/\/betaz.cz\/index.php\/vyvoj-informacnich-systemu-na-baze-cloud-coputingu\/"]}]},{"@type":"ImageObject","inLanguage":"cs","@id":"https:\/\/betaz.cz\/index.php\/vyvoj-informacnich-systemu-na-baze-cloud-coputingu\/#primaryimage","url":"https:\/\/www.geetoo.com\/wp-content\/uploads\/2019\/04\/bulut-bilisim-cloud-computing-1024x576-1.png","contentUrl":"https:\/\/www.geetoo.com\/wp-content\/uploads\/2019\/04\/bulut-bilisim-cloud-computing-1024x576-1.png"},{"@type":"BreadcrumbList","@id":"https:\/\/betaz.cz\/index.php\/vyvoj-informacnich-systemu-na-baze-cloud-coputingu\/#breadcrumb","itemListElement":[{"@type":"ListItem","position":1,"name":"Dom\u016f","item":"https:\/\/betaz.cz\/"},{"@type":"ListItem","position":2,"name":"V\u00fdvoj informa\u010dn\u00edch syst\u00e9m\u016f na b\u00e1ze Cloud Coputingu"}]},{"@type":"WebSite","@id":"https:\/\/betaz.cz\/#website","url":"https:\/\/betaz.cz\/","name":"BetaZ.cz - Knihkupeck\u00fd software | Knihkupci | Distributo\u0159i knih | Nakladatelstv\u00ed | E-shopy | B2B |","description":"Nejpou\u017e\u00edvan\u011bj\u0161\u00ed software pro knihkupce","publisher":{"@id":"https:\/\/betaz.cz\/#organization"},"potentialAction":[{"@type":"SearchAction","target":{"@type":"EntryPoint","urlTemplate":"https:\/\/betaz.cz\/?s={search_term_string}"},"query-input":{"@type":"PropertyValueSpecification","valueRequired":true,"valueName":"search_term_string"}}],"inLanguage":"cs"},{"@type":"Organization","@id":"https:\/\/betaz.cz\/#organization","name":"BetaZ.cz s.r.o.","url":"https:\/\/betaz.cz\/","logo":{"@type":"ImageObject","inLanguage":"cs","@id":"https:\/\/betaz.cz\/#\/schema\/logo\/image\/","url":"https:\/\/betaz.cz\/wp-content\/uploads\/2021\/04\/BetaZLOGOcerne.png","contentUrl":"https:\/\/betaz.cz\/wp-content\/uploads\/2021\/04\/BetaZLOGOcerne.png","width":971,"height":159,"caption":"BetaZ.cz s.r.o."},"image":{"@id":"https:\/\/betaz.cz\/#\/schema\/logo\/image\/"}}]}},"_links":{"self":[{"href":"https:\/\/betaz.cz\/index.php\/wp-json\/wp\/v2\/pages\/90"}],"collection":[{"href":"https:\/\/betaz.cz\/index.php\/wp-json\/wp\/v2\/pages"}],"about":[{"href":"https:\/\/betaz.cz\/index.php\/wp-json\/wp\/v2\/types\/page"}],"author":[{"embeddable":true,"href":"https:\/\/betaz.cz\/index.php\/wp-json\/wp\/v2\/users\/1"}],"replies":[{"embeddable":true,"href":"https:\/\/betaz.cz\/index.php\/wp-json\/wp\/v2\/comments?post=90"}],"version-history":[{"count":7,"href":"https:\/\/betaz.cz\/index.php\/wp-json\/wp\/v2\/pages\/90\/revisions"}],"predecessor-version":[{"id":1120,"href":"https:\/\/betaz.cz\/index.php\/wp-json\/wp\/v2\/pages\/90\/revisions\/1120"}],"wp:attachment":[{"href":"https:\/\/betaz.cz\/index.php\/wp-json\/wp\/v2\/media?parent=90"}],"curies":[{"name":"wp","href":"https:\/\/api.w.org\/{rel}","templated":true}]}}